. Let a be w(m). What is the highest common divisor of a and 2?
2
Let x(h) = h**3 - h**2 - 3*h + 4. Let u be x(2). Suppose 2*s + 4*g - 185 = 35, 3*s - u*g - 322 = 0. Calculate the greatest common divisor of 48 and s.
12
Let d = 2058 - 1990. Calculate the highest common divisor of 340 and d.
68
Let p(k) = -k + 15. Let u be p(15). Let d(n) = -44*n + 410. Let c be d(u). What is the highest common divisor of 10 and c?
10
Let n = -14610 - -54069. Calculate the greatest common divisor of n and 21.
21
Let c be 108*(1320/(-32))/15. Let x = c - -347. Calculate the greatest common factor of x and 6.
2
Let b be (-9)/(-5) + 3874668/140 + -30. Calculate the highest common divisor of 64 and b.
64
Suppose -2*s = 10*s + 2*s - 700. Calculate the greatest common factor of 18050 and s.
50
Let z(g) = 84*g + 1470. Let n be z(-17). Calculate the greatest common factor of n and 1904.
14
Let w(x) = 195*x + 24 - 192*x + 11*x**2 - x**3 - 3*x**2 + 0*x**3. Let t be w(8). Let p be -2*-1*(14 - 2). Calculate the greatest common divisor of t and p.
24
Let c(v) = -v**3 + 64*v**2 - 280*v + 615. Let i be c(59). Calculate the greatest common factor of i and 360.
60
Let l be (-5 + (-23)/(-4))*4. Let v be -198*((-15)/10)/l. Calculate the greatest common factor of v and 18.
9
Let g be (16 - -4)/(10/8). Calculate the greatest common factor of g and 1192.
8
Let t = -874 + 549. Let f = t + 533. What is the greatest common divisor of f and 13?
13
Let m(t) = t**3 + 6*t**2 - 9*t - 4. Let j be m(-7). Suppose 6*s = s + j. Suppose s*o = -2*o + 64. Calculate the highest common divisor of 24 and o.
8
Suppose -25*a - 597 = -22*a. Let g = a - -201. What is the greatest common divisor of g and 58?
2
Let r be 476*(-14)/(336/(-30)). Calculate the greatest common factor of r and 935.
85
Suppose -g = 50*c - 45*c - 10781, -2*g = -3*c + 6492. Calculate the greatest common divisor of c and 52.
26
Let m(p) = p**3 + 43*p**2 - 100*p - 439. Let b be m(-45). Calculate the highest common divisor of 26125 and b.
11
Let c(x) = -3*x**2 + 7*x + 16. Let a be c(5). Let l be (1/(-2))/(a/336). Calculate the greatest common divisor of l and 133.
7
Let f be ((-1)/(-4))/((-6616)/736 + 9). Suppose f*h - 43*h = -140. What is the highest common factor of h and 119?
7
Let o be 28*((-35)/20 + 3). Let q be 718/14 - ((-10)/o)/(-1). Calculate the highest common factor of q and 51.
51
Let s = -10331 + 10347. Calculate the greatest common factor of s and 1360.
16
Suppose 8*u = 2*d + 11*u - 9351, -4*u + 18692 = 4*d. What is the highest common divisor of d and 12?
12
Suppose -152 = -7*c - 96. Let l be (-3)/c + (-1071)/(-168). What is the highest common divisor of l and 96?
6
Let n(t) = -t**3 - 9*t**2 - t + 5. Let j be n(-9). Let g = -363 + 454. What is the highest common factor of j and g?
7
Let k(n) be the third derivative of 11*n**4/24 + 13*n**3/3 - 17*n**2. Let x be k(-6). Let m = x + 44. What is the highest common divisor of 4 and m?
4
Let f(p) = 217*p - 2155. Let x be f(65). Calculate the highest common factor of 25 and x.
25
Let f be 12217 - (223 - -17)/(-15). What is the highest common divisor of 26 and f?
13
Let c(l) = -4*l**3 - 12*l**2 + 3*l + 146. Let d be c(-10). What is the highest common divisor of d and 12?
12
Let v = -6352 + 6362. Calculate the highest common factor of v and 22.
2
Let j be 27/((-270)/40) - -372. What is the highest common factor of j and 48?
16
Suppose -615 = -p + g + 305, p - 920 = 2*g. What is the highest common divisor of p and 322?
46
Let w(b) = -69*b + 1620. Let k be w(10). Calculate the greatest common factor of k and 90.
30
Let l(h) = -2*h - 32. Let m be l(-16). Suppose -5*o + 264 + 936 = m. Calculate the greatest common factor of 36 and o.
12
Let y(k) = -48*k + 177. Let a be y(-1). What is the highest common factor of a and 1300?
25
Let m be -2 + (4 - 2 - -22). Suppose -5*x - 21 - 99 = 0. Let y be (40/x)/((-10)/396). What is the greatest common factor of m and y?
22
Suppose 0 = -9*o + 13*o - 1872. Let q = o - 453. What is the highest common divisor of q and 510?
15
Suppose 4*j - 545 = -5*l, 4*j - 2*l + l = 539. Let s be 0 + j - (-1 + (5 - 1)). Let i = 13 + 75. Calculate the highest common factor of i and s.
44
Suppose 4 = 2*m + 2*k - 3*k, 4*k = m - 2. Let f(o) = o**2 + 2*o. Let y be f(m). Suppose 7 + y = t. What is the highest common divisor of t and 15?
15
Suppose 0 = -83881*q + 83882*q - 39. Calculate the greatest common divisor of 249 and q.
3
Let h(u) = -56*u - 4648. Let p be h(-89). Calculate the greatest common divisor of 63 and p.
21
Let v be (8 - 16)/(-8)*(2 + -2). Suppose -4*a + 0*k + 109 = 5*k, v = -2*a - k + 53. Calculate the highest common factor of a and 117.
13
Suppose 0 = k + 3*b - 174, 5*k + b = -154 + 996. What is the greatest common divisor of 240 and k?
24
Let c(f) = 0*f**2 - 2*f**2 - 8*f + 4*f**2 - 3*f**2 + 2*f**2 + 13. Suppose 35 = i + 4*i. Let a be c(i). Calculate the highest common divisor of a and 24.
6
Let r(a) = -2*a**3 - 12*a**2 + 23*a - 57. Let z be r(-10). What is the greatest common divisor of z and 135?
27
Let m = -98618 + 98638. Suppose -15 = 2*p - p - 3*v, -p + 4*v - 20 = 0. Suppose -o + 5 + 11 = p. What is the highest common factor of o and m?
4
Suppose 2*m + 458 = 10*m - 22. Calculate the greatest common divisor of 1005 and m.
15
Suppose 0 = -24*k - 22*k + 73416. What is the highest common divisor of k and 228?
228
Suppose -t + 1 = 2*u, 5*u - 5 = -3*t - 2. Let m be 253 - (10/5 + 3 - t). Calculate the highest common factor of m and 166.
83
Suppose t = 4*b - 16, -b + 4 = -7*t + 11*t. Let o be (-5)/2*(-8)/(-10) + b. Suppose -f + 0 = -2. What is the greatest common factor of o and f?
2
Let v be (((-25)/(-8))/((-345)/(-414)))/(1/228). Calculate the highest common divisor of 152 and v.
19
Suppose -21 = -6*z + 27. Suppose z*w - 2*w = 54. Let t(h) = 3*h**2 - 5*h + 4. Let g be t(2). Calculate the greatest common divisor of w and g.
3
Suppose 3*u - 50 = 2*o, -5*o + 3*o + 14 = u. Let r be 24/84 - (-24632)/28. Calculate the highest common factor of r and u.
16
Let l = 21 + -11. Let x(i) = 8*i**2 - i**3 + 37 + 5*i - 25*i**2 + 2*i**3 + 9*i. Let b be x(16). Calculate the greatest common divisor of b and l.
5
Let j = 2843 + -1639. Calculate the greatest common factor of j and 172.
172
Suppose w - 21 = -q, 5 = -12*q + 13*q. Let h(d) = -2*d + d**2 + 22 - 43*d + 2*d**2. Let v be h(w). What is the greatest common factor of v and 28?
14
Let p(l) = 56. Let a(z) = 2*z - 114. Let y(i) = -2*a(i) - 5*p(i). Let x be y(-18). Calculate the greatest common factor of 20 and x.
20
Let l be (1 - -45) + 1 + -5. Let j be 2790/l - (-6)/(-14). What is the highest common divisor of 33 and j?
33
Let a(h) = -11*h + 7. Let z be a(-2). Let t = -11 - -7. Let i be (-2)/t + 2084/8. What is the highest common factor of i and z?
29
Suppose -6 = -s - 5*g + 18, 0 = 5*s - 3*g - 232. Let m be (-2639)/(-130) + (-9)/30. Calculate the greatest common divisor of s and m.
4
Let z = -1770 + 1829. What is the highest common divisor of 2596 and z?
59
Suppose 18*b - 19545 - 22035 = 0. Suppose 5*x = -10*x + b. What is the greatest common divisor of x and 14?
14
Let q = 37529 + -22395. What is the greatest common factor of 23 and q?
23
Suppose -3882 = -7*c - 3798. Let v(w) = w + 54. Let k be v(0). What is the greatest common factor of k and c?
6
Let q be 6/5 + 28/100*35. What is the greatest common factor of 77 and q?
11
Suppose 98 = -5*y + 2*b - 41, 70 = -2*y - 4*b. Let d = y + 57. Suppose -d + 26 = -t. What is the highest common divisor of 14 and t?
2
Suppose -34*i = -672 + 264. Let s(f) = 14*f - 150. Let j be s(i). What is the highest common divisor of 243 and j?
9
Let r be 713/5 - (-1469)/(-565). Calculate the highest common divisor of r and 100.
20
Let p(a) = 48*a**2 - a + 2. Let r be p(1). Let s(q) = -136*q + 443. Let b be s(3). What is the highest common divisor of b and r?
7
Suppose 0 = 2*w + 29 - 129. Suppose 4*f = -6*f + w. Suppose 4*c = 4*j - 40, f*c = -j - 4*j + 10. What is the greatest common factor of 66 and j?
6
Suppose u + 8 + 11 = 2*z, -3*z + u = -26. Suppose 0 = -3*k - 2*o + 653, -150 = -4*k + 3*o + 715. Calculate the highest common divisor of k and z.
7
Let b(x) = 6*x + 43 + 44 - 3*x. Let u(g) = 4*g + 130. Let v(q) = -7*b(q) + 5*u(q). Let j be v(22). What is the highest common divisor of j and 